112695?
165
Calculate the highest common divisor of 13 and 27053.
13
What is the greatest common divisor of 21190 and 17030?
130
Calculate the greatest common factor of 3585737 and 779.
779
Calculate the highest common divisor of 8639130 and 2580.
1290
What is the highest common divisor of 23175 and 9?
9
Calculate the highest common divisor of 131 and 2055914.
131
Calculate the greatest common factor of 21 and 6377.
7
What is the greatest common factor of 1622925 and 450?
225
Calculate the greatest common factor of 19 and 146775.
19
What is the highest common factor of 3905 and 180?
5
What is the greatest common factor of 2047 and 4508?
23
Calculate the highest common factor of 654 and 5466.
6
Calculate the highest common divisor of 66129 and 137417.
469
Calculate the highest common divisor of 10223 and 1.
1
What is the highest common divisor of 193 and 877957?
193
Calculate the highest common factor of 317968 and 1670.
334
Calculate the highest common factor of 11535 and 75.
15
Calculate the greatest common factor of 8990 and 16430.
310
What is the highest common divisor of 533 and 5941?
13
Calculate the highest common divisor of 5328 and 17982.
666
What is the highest common divisor of 10843 and 2?
1
What is the highest common divisor of 138275 and 15?
5
Calculate the highest common divisor of 16249950 and 1350.
1350
Calculate the greatest common factor of 5321 and 4382.
313
Calculate the highest common factor of 945 and 716100.
105
What is the highest common divisor of 1111 and 28381?
101
Calculate the greatest common divisor of 1487161 and 139.
139
Calculate the greatest common divisor of 474978 and 21672.
1806
Calculate the greatest common divisor of 1741836 and 1104.
276
What is the greatest common factor of 4842 and 349700?
538
Calculate the greatest common divisor of 126 and 1388034.
18
What is the highest common divisor of 266 and 3584?
14
What is the highest common divisor of 185 and 316313?
37
What is the greatest common divisor of 4 and 305476?
4
Calculate the highest common factor of 871 and 35443.
67
Calculate the highest common divisor of 1383304 and 104.
104
What is the greatest common factor of 663 and 169983?
51
Calculate the highest common factor of 34600 and 10.
10
Calculate the greatest common divisor of 8853 and 507.
39
Calculate the highest common divisor of 161 and 337939.
161
What is the greatest common factor of 11400 and 826975?
475
Calculate the highest common divisor of 3814113 and 501.
501
What is the greatest common factor of 540571 and 139?
139
Calculate the highest common divisor of 5500259 and 43.
43
Calculate the greatest common divisor of 34181 and 5453.
133
What is the greatest common factor of 30936 and 48?
24
What is the greatest common divisor of 24 and 5589048?
24
Calculate the greatest common factor of 287 and 43501.
41
Calculate the greatest common divisor of 408 and 3168.
24
What is the greatest common divisor of 124503 and 2679?
141
What is the greatest common divisor of 110 and 965690?
110
Calculate the highest common divisor of 265295 and 485.
485
Calculate the highest common factor of 203 and 990988.
29
Calculate the greatest common divisor of 306 and 8631.
9
Calculate the highest common divisor of 252 and 602658.
126
What is the greatest common divisor of 124 and 127?
1
What is the highest common factor of 77 and 28672?
7
What is the greatest common divisor of 11940 and 60120?
60
Calculate the highest common divisor of 525 and 139375.
25
Calculate the highest common factor of 1185 and 200028.
237
Calculate the greatest common factor of 48 and 24588.
12
What is the greatest common divisor of 39 and 46033?
13
What is the highest common factor of 30 and 460535?
5
Calculate the highest common factor of 1358672 and 588.
196
Calculate the highest common divisor of 315 and 1165437.
63
Calculate the highest common factor of 3344 and 22192.
304
What is the greatest common factor of 1166650 and 90?
10
Calculate the greatest common divisor of 2923 and 58534.
37
What is the greatest common divisor of 3285 and 517205?
365
Calculate the greatest common divisor of 26 and 371423.
13
Calculate the greatest common factor of 222 and 121323.
111
Calculate the greatest common factor of 12998 and 39262.
134
Calculate the highest common factor of 385143 and 132.
33
Calculate the highest common divisor of 222 and 3293.
37
Calculate the highest common divisor of 32624 and 80.
16
Calculate the highest common factor of 1833 and 6345.
141
Calculate the greatest common divisor of 9408 and 441.
147
Calculate the greatest common divisor of 1615 and 15935.
5
Calculate the highest common factor of 376 and 1287048.
376
What is the greatest common factor of 125 and 56625?
125
What is the greatest common factor of 132463 and 124?
31
Calculate the greatest common factor of 1562 and 979.
11
What is the greatest common factor of 49 and 15263794?
49
Calculate the greatest common divisor of 14750 and 750.
250
Calculate the greatest common divisor of 10624430 and 10.
10
Calculate the highest common divisor of 3084 and 228.
12
What is the greatest common divisor of 317560 and 85?
85
Calculate the greatest common divisor of 90 and 138834.
18
What is the greatest common divisor of 169 and 3601?
13
Calculate the greatest common factor of 3311 and 312653.
473
What is the greatest common factor of 9637 and 6003?
23
What is the highest common factor of 4822 and 2?
2
Calculate the highest common factor of 372 and 338272.
124
Calculate the greatest common factor of 78202 and 244.
122
What is the highest common factor of 3331 and 1?
1
What is the highest common factor of 96 and 83658?
6
Calculate the greatest common divisor of 660 and 282040.
220
What is the greatest common divisor of 28406 and 2436?
14
Calculate the highest common divisor of 571681 and 253.
11
Calculate the highest common divisor of 787725 and 15.
15
Calculate the greatest common divisor of 205 and 49815.
205
Calculate the greatest common divisor of 14683894 and 1147.
1147
What is the greatest common factor of 782803 and 28?
7
Calculate the greatest common divisor of 153 and 6239.
17
Calculate the greatest common factor of 1480 and 1369.
37
What is the highest common divisor of 7980 and 1848?
84
Calculate the greatest common divisor of 435 and 84477.
87
Calculate the greatest common divisor of 54502 and 8931.
229
Calculate the highest common factor of 15 and 216600.
15
Calculate the greatest common divisor of 164575 and 290.
145
Calculate the highest common divisor of 97011 and 567.
27
What is the greatest common divisor of 986 and 95149?
493
Calculate the highest common divisor of 14 and 582533.
7
What is the highest common divisor of 162 and 7170?
6
Calculate the greatest common factor of 18 and 194058.
18
What is the greatest common factor of 2298737 and 2107?
2107
Calculate the highest common divisor of 1425 and 84189.
57
What is the highest common divisor of 408 and 2221356?
204
Calculate the highest common divisor of 689 and 286.
13
Calculate the greatest common divisor of 652 and 198.
2
Calculate the greatest common divisor of 1615 and 3225155.
1615
Calculate the highest common divisor of 18 and 4287.
3
Calculate the highest common divisor of 61712 and 1520.
304
What is the highest common divisor of 649 and 1357?
59
Calculate the highest common divisor of 3222 and 34547.
179
Calculate the highest common factor of 1224 and 60724.
68
What is the highest common divisor of 13795 and 287915?
445
Calculate the highest common divisor of 69536 and 265.
53
Calculate the highest common divisor of 14671 and 238.
17
What is the highest common factor of 2315 and 2855?
5
Calculate the greatest common divisor of 18348 and 1122.
66
Calculate the greatest common divisor of 60 and 2492340.
60
Calculate the highest common factor of 160812 and 24.
12
What is the highest common divisor of 406813 and 4433?
341
What is the greatest common factor of 142 and 3116332?
142
Calculate the highest common factor of 32 and 22832.
16
What is the greatest common divisor of 16692 and 1498?
214
Calculate the highest common divisor of 4645 and 155.
5
Calculate the greatest common divisor of 143 and 19253.
13
Calculate the highest common divisor of 350300 and 5084.
124
What is the highest common factor o